17 + -2 + 8 + -8 - -6) + 56?
43
What is 11 - (-27 + 18 - -14 - (25 - -3))?
34
Evaluate (-15 - ((1 - -6) + (-40 - -41))) + -12.
-35
What is -880 + 974 - (7 - ((3 - -1) + -1) - -7)?
83
What is (33 - -80) + 3 + -7 + 0?
109
40 + -118 + 54 - (-3 - (-4 - 4))
-29
Calculate 5 + (-31 - -25) - ((-1 - 6) + 3 - -77).
-74
What is -4 + (0 + 8 + 8 - 10)?
2
Evaluate 9 + (76 - 10) + -27.
48
Evaluate (-7 - -9) + 3 + -6 + -14 + 87.
72
What is -100 + 72 + -36 + -40?
-104
6 - (-3 + -4) - (-9 - (-10 + 96)) - 6
102
What is 0 - (-1 - -3) - (-1287 - -1285) - 83?
-83
(-1 - 80) + (668 - 543)
44
What is (-2 + 0 - ((15 - 11) + (-16 - 1))) + -40?
-29
Calculate -51 - (38 - 54 - 2).
-33
What is the value of -10 + -56 + 163 + 14?
111
What is 10 + -7 + -36 + 69 + 50?
86
-69 + -45 + 144 + 6
36
Calculate -194 + -561 + 769 + 80 + (1 + -1 - 0).
94
What is the value of (-8 - -27) + -5 + (10 - (3 + (9 - 6)))?
18
Calculate (1 - 50) + -1263 + 1347.
35
11 - (0 + 78 - (-20 + 1 + 6 + 20))
-60
What is (-91 - 5) + 87 - (1 - (1 + -1))?
-10
-6 + 72 + -78 + 31 + 2
21
-31 + 105 + (1 - 84)
-9
What is 7 + (-2 - 10) + (14 - 8 - 9)?
-8
What is the value of -2 - (5 - 8) - ((5 - -2) + 44)?
-50
-5 + 45 + 670 + -799
-89
What is the value of -81 - (-22 + 32 + (0 + -2 - -1) - 9)?
-81
What is (0 - 6) + 290 + -263 - 27 - (-1 - 64)?
59
Evaluate -7 + (6 + -2 + (-32 - -34) - 1).
-2
What is (93 + -132 - -203) + -92?
72
Calculate (27 - 1) + 27 + 20 + -35.
38
Calculate (14 - (20 + 5 - 6)) + -33.
-38
Evaluate -9 + (-1 - -8 - (-18 + 18 - 12)).
10
What is (-3 - 25) + 44 - (0 + -2)?
18
Calculate 17 - (28 - (-5 - -17)) - -2.
3
Evaluate (-6 - -22) + (-53 - -69).
32
(2 + 0 - (10 - -50)) + (388 - 386)
-56
11 + (26 + -35 - (1 + -10)) + (20 - 64)
-33
Evaluate -10 + (-11 + -6 - -5 - -4 - (0 + -8)).
-10
Calculate 4 - 56 - ((6 + 2 - (-32 - -25)) + -9).
-58
What is (416 - 358) + -16 + 1 - (2 - (2 - 0))?
43
What is -88 - (-3 + 4) - (-78 + 50)?
-61
Calculate (13 + -40 + 18 - -40) + 27.
58
What is the value of 0 - -26 - ((4 - -7) + (9 - 17) + -7)?
30
Evaluate 26 - ((-65 - -32) + 45).
14
Evaluate -10 - (0 + (-29 - -43)) - (-4 - -3 - -9).
-32
What is -38 + -44 + 166 + -5?
79
Calculate (55 - 61) + 18 + (-9 - -4).
7
Calculate 33 - ((20 - -31 - 10) + -35).
27
Evaluate -14 - -2 - (27 - ((-4 - 1) + 136 + -122)).
-30
18 + 19 + (0 - 21)
16
What is 11 - (6 + 42 + -19) - 0 - -157?
139
Evaluate -4 + (5 + -9 - -3) - (-8 + 31).
-28
What is the value of 24 + 12 + (-37 - -8 - -49)?
56
(-56 - 33 - -37) + 2 + -2
-52
(-1 - 9) + (-20 - (-10 + 3)) + 14
-9
Evaluate (-44 - 1) + 55 - (-3 + -9).
22
What is -7 + 17 + 6 + -2 + -7 - (4 + 2)?
1
What is the value of -24 - (-18 + -46 + 2)?
38
What is (-88 - -92) + 21 + -3 + 113 + -18?
117
What is the value of (15 - 0 - (530 + -464)) + -1?
-52
(90 - -18) + -73 + 92 + (0 + 0 - 12)
115
What is the value of 9 - (19 + (-21 - -4)) - (0 - 3)?
10
Evaluate 7 + (-17 - -34) + -43 + 84.
65
What is the value of -77 + (-29 - -63) + 59?
16
13 + (-45 - (163 + -327))
132
What is the value of 6 - -1 - (61 - (4 + 44)) - (45 + -2)?
-49
What is 17 + (0 + -25 - (-42 + 2 + 31)) + -80?
-79
Calculate -20 + 3 - 22 - 24.
-63
What is the value of (-13 - 1) + 19 + -3 + 36 + (3 - 2)?
39
What is -14 + (38 - (6 - 15)) - 21?
12
Calculate -10 + (48 + -90 - -67).
15
Evaluate -42 + 4 + 9 + 22 - -15.
8
What is the value of 7 + -46 + 765 + -766?
-40
What is the value of -29 - -21 - (9 + 0 - 8) - 15?
-24
((8 - -3) + -9 - (9 - -1)) + (7 - 13)
-14
Evaluate 11 + -86 + 10 + (4 - ((4 - 6) + 6)).
-65
-13 - (-64 + (11 - -35 - 23))
28
What is the value of -85 - (-64 + (-37 - -51))?
-35
What is the value of 23 + -34 + -26 + -4 + -45?
-86
What is the value of -19 - (24 - 18) - -64 - 2?
37
What is (52 - 3) + (-115 - -98) + 20 + -3 + -5?
44
Calculate 24 + 0 - ((-12 - (-5 - 16)) + -45 + 41).
19
What is the value of -10 + 17 + (11 - 5) + -1?
12
Evaluate 7 + (59 - 78) - (102 + 7 - 6).
-115
1 - (4 + 4) - 29 - (-3 + (-5 - 1))
-27
What is the value of -13 + 2 - (-4 + 12 + 14 + -23 + 15)?
-25
What is 16 + 0 - (2646 - 2551)?
-79
-167 + 43 + 59 - -90
25
13 + 0 + (-28 + 14 - 1) - -5
3
What is the value of -31 + 0 + 16 + (12 - 6)?
-9
What is the value of (0 - (5 + -5 + -3)) + -81 + -1 + -4?
-83
What is the value of (4 - -21) + 662 + -738?
-51
What is 16 + -172 - (-118 + 42)?
-80
What is the value of 5 + 5 - (6 + (-90 - (-19 - -19)))?
94
Evaluate (-30 - -19 - -15) + (-4 - (5 + -29)).
24
What is 22 + (98 - 77) + 21?
64
-27 - (29 + 15) - -20
-51
Calculate 72 - -28 - (145 - 139).
94
0 + (11 - 1) - (-2384 + 2395)
-1
What is the value of (2 - 1 - -3) + (11 + -2 - 2)?
11
Calculate (270 - 200 - 160) + (-2 - -24) + -2.
-70
What is (70 - -3) + (-202 - -82)?
-47
(17 - (16 + -4)) + 43 + -27 + -112
-91
Evaluate -8 - (-26 + -67 - -37).
48
What is the value of 6 + 13 + (-15 + 11 - 20)?
-5
Calculate -2 + (-1 - 2) - -65 - (7 - -39 - 39).
53
What is 2 + 88 + (-630 - -495)?
-45
Evaluate (15 - 18) + 11 + -18 + 14 + 6 + -35.
-25
Evaluate (-23 - (-69 - -54)) + (-62 - (1 + -4 + 4)).
-71
Calculate -44 - (8 + -3 - 46).
-3
Calculate -90 - (0 - (9 - (-33 + 47))).
-95
What is the value of (39 - 20) + 12 + 6 + -7 + -3?
27
Evaluate (-2 - (3 + -4) - 1) + (-269 - -279) - -31.
39
What is the value of 24 + (4 - 0) + -25?
3
(23 - -7) + -22 + (134 - 29)
113
What is the value of -86 + -8 - (261 + -274)?
-81
Calculate -17 - (262 - 247 - (2 + -47 + -5)).
-82
Evaluate -112 + (-69 - -159) + (3 - -55) + 2.
38
(7 - 51) + -711 + 646
-109
What is 269 + -223 + (-5 - -5)?
46
26 - (-38 + 17 - -15) - (-7 + -5)
44
20 + (-26 - 27) + 45
12
Evaluate (-5488 - -5525) + (0 - (1 + -9)).
45
Evaluate 11 + -9 - 1 - (4 + -30).
27
Evaluate -129 + ((-5 - -15) + 27 + -37 - (-2 + -1)).
-126
What is the value of (-14 - 10) + 11 - (-10 - -3) - (-3 + 0)?
-3
Evaluate -5 + 30 + -41 + 36.
20
What is 9 + -19 - -25 - 10 - -23?
28
Calculate 43 + 28 + -74 - (0 - -2) - 2.
-7
What is the value of 2 - (4 + 1 + 8) - (43 + -47) - 13?
-20
49 + -34 + 68 + -182
-99
What is the value of 39 + (-23 - -31) - (-16 - 19)?
82
What is (-54 - -55 - -23) + (3 - -1)?
28
326 + -328 + (-2 - -17) + (0 - (-29 + 3))
39
What is the value of -5 - (-80 + -49 + 118)?
6
What is 90 - (48 + 89 - -1)?
-48
Calculate (44 - 18) + 99 - 53.
72
-47 - (-150 + 58) - -31
76
Calculate (32 - 2) + (74 - 74) + 48.
78
What is the value of -9 + 40 + (-2 - -83 - -5)?
117
Evaluate (-1 + -13 - (702 + -709)) + -3.
-10
Evaluate 46 - (7 - 44) - (21 - 8).
70
Calculate 39 + -1 + 0 + (549 - 556).
31
What is -71 + 75 - (-5 - (-10 - -5) - -3)?
1
What is the value of -152 + (-2 - (-17 + -114))?
-23
What is the value of -33 + 50 + (-48 - 1) + -13?
-45
-1623 + 1639 - ((-2 - -79) + 1)
-62
What is the value of -29 + (4 - -22) + (50 - -1) + -3?
45
-26 - (-13 + 0 + (7 - -8) + 0)
-28
(-2 - ((-4 - 2) + 6)) + 103 + -114
-13
What is (181 - 158) + 7 + -13?
17
What is the value of 450 - 472 - (-5 - -1) - (-1 + 31)?
-48
Evaluate (45 - 51) + 9 + -4 + 23.
22
Evaluate -11 + 39 + -16 + -34.
-22
What is the value of -30 - (-15 + 20 + 14 + (-2 - 3))?
-44
What is 443 - 447 - (-40 - (-3 - (3 - 4)))?
34
204 + (-193 - 32) - (33 + -1)
-53
What is the value of -35 - -48 - (8 + (18 - -6)) - 35?
-54
Evaluate ((4 - -17) + -121 - (-18 + -2)) + -2 + 13.
-69
What is the value of 66 + 39 + -116 + 82?
71
Evaluate 0 + (123 - -2) - (-4551 + 4598).
78
Evaluate 58 - (-1 + 3 - 2 - (2 - (15 + -6))).
51
What is the value of -9 - (3 - 4 - ((8 + 1 - 2) + -8))?
-9
(-9 - 8 - (-3 + 5 + -8)) + 74 + 3
66
What is -83 - (-95 - (-101 + 45))?
-44
1112 - 1219 - (6 + -21)
-92
Evaluate -141 + (-49 - -193) - (28 + -1 + -1).
-23
What is 5 + 5 + -9 + 4 + (-1 - -4) + 2?
10
What is the value of (0 - 0) + (-12 - -19) - (56 + -33)?
-16
What is (-50 - -65 - 49) + -5 + 41?
2
Calculate (-81 - 1) + (-429 - -388) + 22.
-101
What is 52 - (-57 - (-93 - -44))?
60
What is the value of -13 + 7 + 41 - (-25 - -98)?
-38
What is -9 + (29 - 18) + 50 + 2?
54
What is the value of 11 + -3 + 1 - (1 + -23 - -27)?
4
Calculate -3 - (-43 + 37) - (-5 - (63 - -3)).
74
What is the value of (29 - (9 + 8)) + (-5 + 34 - -7) - 16?
32
What is -58 + 0 + -52 + (-64 - (-86 - 19))?
-69
What is the value of 1 + (-42 - 0) - (-16 + 20 + -11 + -3)?
-31
(-3 - (-108 + -7) - -21) + -30 - (1 + 13)
89
Calculate -109 - ((-30 - 156) + 138).
-61
What is (41 + 25 - 9) + -43?
14
What is the value of -44